alue of -9 + (5 - -1) + -1?
-4
Calculate 2 + (-8 + 2 - 2 - -2).
-4
Calculate 4 - (5 - 6) - 8.
-3
What is the value of -1 - -1 - (-26 + -4 - -25)?
5
Calculate (-5 - -6) + (-3 - -2).
0
What is the value of 6 - 0 - (11 + (3 - 12))?
4
What is -5 + 6 + 1 + 0 + 2?
4
Calculate -3 + 1 + (-32 - -31).
-3
What is 0 - -1 - (11 - (-1 - -12))?
1
7 + (-26 - -8) + 5
-6
0 + -4 - (-11 + (7 - 1))
1
What is the value of -4 + (4 - 10) + 8?
-2
1 - (0 + -2) - 1
2
Evaluate -3 - -2 - 1 - -3.
1
What is -2 + (3 - 6) + 9 - 1?
3
What is the value of (-7 - 2) + (3 + -4 - -5)?
-5
Calculate -4 + 0 + 4 + 4.
4
What is -4 + (0 - (-3 - -1)) + 4?
2
What is the value of 9 - (6 + 6) - (1 - 2)?
-2
3 + -7 + 1 - -1
-2
What is the value of 4 + 0 + -13 + 12 + -3?
0
Calculate (-3 - (-2 + -9)) + -3.
5
Evaluate -4 - (-5 + 1 + -1).
1
5 + -2 - (6 - (6 + -1))
2
(-19 - -14) + -1 + -6 + 4
-8
What is the value of -1 - (3 - (1 + -1))?
-4
What is (7 - 4 - -5) + -5 + 1?
4
2 - (-2 + (5 - -2 - 2))
-1
What is the value of -3 - (-7 + 5 - -1)?
-2
24 + 0 - 11 - 4
9
3 - (3 - (7 - 3))
4
Evaluate (2 + -4 - 0) + 0.
-2
Evaluate 1 - (-5 + (18 - 9) + -1).
-2
Calculate (-1 + -5 + 10 - 0) + 0.
4
Evaluate -3 + (2 - (-1 + 3 - 2)).
-1
Evaluate 4 - (4 - ((2 - 1) + 1)).
2
What is 0 - 7 - (-16 - -9)?
0
What is the value of (-3 - (4 - 9) - 5) + 8?
5
Evaluate (2 - 3) + -3 + 5.
1
Evaluate 4 + (-3 - 5 - -1).
-3
0 + -1 + (5 - -1) + -5
0
What is -5 + 5 + 0 + (0 - -2)?
2
What is 2 - -1 - (-2 + 4) - 2?
-1
What is the value of 6 - 7 - -1 - 0?
0
-10 + 27 - (-4 + 13)
8
What is 3 - (-1 + 6 + 5 + 0)?
-7
Evaluate (-2 - (2 - 6)) + 0 + -2.
0
-8 - (-2 + -6 + -3)
3
What is the value of 7 + -4 + (1 - (1 - 2))?
5
Evaluate (0 - -2) + -11 + (8 - -4).
3
What is -1 - (-4 - (-1 - (6 + 0)))?
-4
0 + -2 - (-8 + 10 - -1)
-5
Calculate 9 + -8 + -8 - -1.
-6
What is -2 + -14 - (-55 - -43)?
-4
(1 - -12 - 7) + -1
5
Evaluate (-1 - 5) + 10 - (-2 + -1).
7
What is the value of (8 - (16 - 10)) + -8?
-6
What is -159 + 162 - (1 - 7)?
9
Calculate -7 - (20 - 20 - (-1 + 7)).
-1
Calculate 1 - (-4 + (1 - -3) - 2).
3
What is -13 + -3 + 11 + (1 - -2)?
-2
What is (-1 - (-2 + -5)) + (48 - 58)?
-4
What is -18 + 15 + 1 - -12?
10
39 + -26 + 2 + -13
2
Evaluate 79 - 80 - (-2 - -1 - 1).
1
0 + -5 + 7 + -3
-1
Calculate 2 + 1 + -2 - (-6 - -11).
-4
What is the value of (5 - 5) + -6 + 1?
-5
What is the value of 2 + -1 - (7 - (-2 + 5))?
-3
Calculate -2 + -2 - ((14 - 10) + -9).
1
What is the value of -3 + 4 + (1 - (0 - 1))?
3
What is the value of -9 + (5 - (-1 + 0))?
-3
Evaluate (-6 - 1) + 15 + -8 + -3.
-3
Evaluate -2 + -1 + -103 + 109.
3
-3 + -1 + (11 - 6)
1
What is the value of (13 - 18) + -1 + 0?
-6
Calculate (1 - 2) + 77 + -85.
-9
What is the value of -2 + 6 - ((3 - 6) + 8)?
-1
What is the value of (0 - 2) + -3 + 3?
-2
What is the value of (5 + -16 - -8) + 1?
-2
What is the value of -14 - -3 - (-10 + 4)?
-5
What is 7 + (-5 - -1) + (-3 - -1)?
1
(-1 - (-3 - -4)) + -1 + -1
-4
Calculate -9 + (7 - (-3 + 5 - 0)).
-4
Calculate 0 + 3 + 0 + (7 - 5).
5
Calculate -42 - -46 - (-1 - -3).
2
2 + -4 + (3 - -4 - 0)
5
What is 3 + -8 - (4 - (6 + 4))?
1
Evaluate 4 + -3 + -6 + 3.
-2
4 + (3 - (2 + 2) - 0)
3
What is 0 + -8 + -10 + 26?
8
Evaluate (-3 + 2 - -9) + (48 - 57).
-1
Evaluate 5 - (-5 + 5 + -5 - -3).
7
What is the value of 5 - -5 - (13 - 9)?
6
What is 2 + -1 - (15 - (3 - -5))?
-6
Calculate -2 + 2 + -1 - -1.
0
Evaluate -7 + (3 - -3 - 4).
-5
Evaluate 6 + 1 + 88 + -93.
2
Calculate 1 + -4 + (4 - (10 + -9)).
0
Evaluate -4 - (-6 - -4) - (7 + -12).
3
What is -2 + (-58 + 57 - (4 + -1))?
-6
Calculate 6 + (-1 - 0) + (-21 - -18).
2
Calculate -13 - -3 - (-10 - -4).
-4
-4 - ((0 - 6) + -11 + 17)
-4
Calculate (-42 - -16 - -10) + (9 - 1).
-8
What is the value of -25 - -22 - (2 - -4 - 3)?
-6
Evaluate 1 - -3 - (1 + (-3 - -5)).
1
Calculate 5 + 7 + (6 - (11 - -2)).
5
What is the value of 0 - 1 - (5 - (-3 - -7))?
-2
Evaluate (-2 - 0) + 0 - (-48 - -48).
-2
Evaluate -2 + 2 + 2 + -2 + 0.
0
Calculate 5 - (3 + 2 + (-3 - 1)).
4
What is -25 + 11 + (-2 - (-8 - -1))?
-9
What is -36 + 24 + -1 + 23?
10
118 + -112 - (0 - 0 - -5)
1
-121 + 106 + (1 - -6)
-8
What is 12 - -1 - -5 - 14?
4
What is the value of 5 + -3 + -1 + 4?
5
What is the value of (-3 - 0) + (-1 - (3 + -3))?
-4
Evaluate 2 + (0 - -1) - (6 - 8).
5
Calculate (1 - 4 - (-5 - -2)) + -4.
-4
Calculate -5 - (-5 + -8 + 2).
6
Calculate (14 - 7) + 4 + -7.
4
Calculate 1 + -1 + (-4 - -8) + -8.
-4
-8 + 2 - (-17 - -15)
-4
What is (0 - (2 - 8)) + -2?
4
6 + (5 - (4 + 2)) + -8
-3
Evaluate 7 + -1 + -13 - (2 + -6).
-3
Evaluate 20 + (-5 - 18) - (-7 - 1).
5
Evaluate (-1 - 1) + -5 + 12.
5
What is (-15 - -6 - -18) + -14?
-5
(2 - 5 - 5) + 3
-5
Calculate -47 + 55 - (7 + -3 + 1).
3
What is 9 + 3 + -10 + -6?
-4
(11 - 0) + -2 + -8
1
-1 + (-6 - (0 - (1 - -1)))
-5
What is 3 + -12 - (13 + -20)?
-2
What is -5 + 0 + 6 - 5?
-4
Evaluate (-1 - (1 + -1)) + -2.
-3
6 + 1 + -7 + -1 + -6
-7
Calculate -1 - (0 + 7 + -5 + -2).
-1
Evaluate (-7 - 0) + (30 - 23).
0
What is the value of (5 - 10) + 4 - (4 + 1)?
-6
Evaluate -2 + -5 + (0 - -5).
-2
-4 + (16 - 6 - 2)
4
What is 5 + -2 + 3 + -2?
4
-7 + 8 + -2 + -3
-4
What is the value of (20 - 16) + (-1 - 3) - -1?
1
-2 - (5 + -6) - 2
-3
What is 5 - (0 - (-1 + (2 - -1)))?
7
What is -2 + -2 - (-11 - -8)?
-1
What is the value of -9 + -2 + 4 + 3?
-4
What is the value of 2 + -4 + 9 + (0 - 3)?
4
Evaluate (-33 - -25) + 7 + -2.
-3
7 + 2 + -38 + 32
3
Calculate (11 - 6 - 10) + 7.
2
2 + (-5 + (5 - 1) - -4)
5
What is the value of -2 + (4 - 11 - -4)?
-5
Evaluate (-12 - -14) + 2 + -1 + 1.
4
Calculate -5 + -1 - ((-8 - -14) + -11).
-1
What is -7 - (0 - ((-3 - -5) + 4))?
-1
What is -7 - (7 + -6 + -2 + -6)?
0
Evaluate -3 + (-4 - -10) - -2.
5
Calculate -5 - ((-4 - 1) + 5).
-5
What is 0 + -3 + 6 - 2 - -5?
6
136 - 137 - (-7 - (0 - 0))
6
What is 13 + -7 - (9 + -1 + -3)?
1
Calculate (-2 - (-5 + 0)) + -7.
-4
Evaluate 8 - 21 - (-4 + -6).
-3
What is the value of (-3 - 1) + 3 + 2?
1
What is the value of -1 + (-6 - (4 - 8))?
-3
Evaluate 6 + -18 - -24 - 14.
-2
What is the value of -23 - -17 - (-6 + 1)?
-1
Calculate -5 - (-4 + 6 + -11 + 0).
4
-3 - (-3 + 1 - 6) - -2
7
Evaluate 4 - (-10 + 5) - 4.
5
What is the value of -4 - (-3 + (1 - -2) - 1)?
-3
What is the value of -5 + 2 + -4 + 11 + -9?
-5
(3 - (-7 + 5)) + -8
-3
9 + 2 + (-3 - 3)
5
Calculate 9 - (-4 + 19) - -4.
-2
19 - 1 - (-88 - -97)
9
2 - (5 - 7 - -4) - 5
-5
Calculate -2 - 1 - -2 - -3.
2
What is -2 - -1 - (9 + -5 + -1)?
-4
What is -4 + -2 + (2 - -2) + 4?
2
Calculate 3 - -3 - ((26 - 13) + -7).
0
What is (6 - (-1 + -1)) + -3?
5
Evaluate 0 - 2 - ((0 - 2) + 0).
0
Evaluate (9 - 1) + (91 - 89).
10
2 - (1 - (5 + -3))
3
What is -1 - (-2 - 3 - -8)?
-4
-1 + 1 + 3 - -2 - 7
-2
-6 - -11 - (2 - 2) - 2
3
What is the value of -5 + 7 - (-1 + -1)?
4
Calculate (3 - -5) + -2 + -4.
2
What is 1 + -2 + (-6 - -7)?
0
Evaluate -12 + 15 + (3 - 8).
-2
Evaluate 97 + -98 - (10 - (3 - 1)).
-9
What is the value of -6 - (5 - (-6 - (-10 + -2)))?
-5
What is (-2 - -2) + -1 - 1?
-2
What is 1 + -6 + 3 + -4 + 3?
-3
3 + (1 - ((-1 - -1) + 2))
2
Evaluate 4 + -4 + 1 - (-4 - -8).
-3
10 + -8 + 3 - 3
2
-2 + (-1 + -3 - -4) - -7
5
Evaluate -22 - (15 + -28 - -2).
-11
Calculate 8 + (-2 - -1) + -1.
6
Evaluate (-3 - (-4 + 9)) + 9.
1
What is the value of -4 + (-2 - -6) + 0?
0
What is the value of -2 + (15 - 11) - -1?
3
Calculate -5 + (-1 - (-3 + 3 + -3)).
-3
-2 + 0 + 0 - (-89 + 86)
1
-5 + 0 - -4 - -4
3
4 + -7 - (-2 - 1)
0
-1 - ((5 - -3) + -5)
-4
Calculate (14 - (-13 - -20)) + -1 + 1.
7
What is 8 + 0 + (-17 - -9 - -10)?
10
What is the value of -10 + (4 - -4) + 1?
-1
What is the value of (3 - 3 - (9 + -2)) + 4?
-3
What is the value of -6 + 1 - (-6 - -2)?
-1
Evaluate (14 - 22) + 14 - -1.
7
What is -5 + 3 + -7 + (-3 - -7)?
-5
What is -10 + (-2 - -3) + (-14 - -18)?
-5
What is the value of (-1 - 2) + 7 + -1?
3
Calculate 10 + -4 + 3 + (-6 - -1).
4
-7 + (3 - 2 - -3) + 0
-3
-5 + (-5 - -9) - (-1 + -1)
1
Calculate -11 + 15 + 1 + -1 - 1.
3
(-3 - -1) + 3 + (-1 - -1)
1
What is the value of (-1 - -2) + -1 + 3 + -2?
1
Evaluate 1 - (-2 + -3 + 0) - 2.
4
Calculate 0 + (-5 - -7) + -7.
-5
Calculate 4 + 5 - 8 - (0 - -4).
-3
Calculate 3 - (5 - 4) - (1 - 5).
6
Evaluate -19 + 27 - ((1 - -10) + -4).
1
3 + -4 - -2 - 0 - -3
4
What is the value of (7 - 5) + -2 + -3?
-3
What is the value of 4 + (-4 - -6) + -5?
1
What is t